{"id":2649,"date":"2026-03-01T18:41:28","date_gmt":"2026-03-01T18:41:28","guid":{"rendered":"https:\/\/fdartgallery.com\/?post_type=product&#038;p=2649"},"modified":"2026-03-09T13:28:55","modified_gmt":"2026-03-09T13:28:55","slug":"gelincik","status":"publish","type":"product","link":"https:\/\/fdartgallery.com\/?product=gelincik","title":{"rendered":"&#8220;Gelincik&#8221;"},"content":{"rendered":"<ul>\n<li style=\"text-align: left\">Pastel boyan\u0131n canl\u0131 ve enerjik tonlar\u0131n\u0131 ta\u015f\u0131yan, dinamik bir \u00e7i\u00e7ek \u00e7al\u0131\u015fmas\u0131. K\u0131rm\u0131z\u0131 ve mavi z\u0131tl\u0131\u011f\u0131n\u0131n yaratt\u0131\u011f\u0131 s\u0131cak hava, as\u0131ld\u0131\u011f\u0131 mekana an\u0131nda renk kat\u0131yor. Ayd\u0131nl\u0131k bir mutfakta, renkli d\u00f6\u015fenmi\u015f bir oturma odas\u0131nda veya \u00e7ocuk odas\u0131 duvar\u0131nda \u00e7ok canl\u0131 durur.<\/li>\n<\/ul>\n","protected":false},"excerpt":{"rendered":"<p>&#8230;<\/p>\n","protected":false},"featured_media":2650,"comment_status":"open","ping_status":"closed","template":"","meta":[],"etheme_brands":[{"term_id":61,"name":"Fd Sanat Okulu","slug":"fd-sanat-okulu","term_group":0,"term_taxonomy_id":61,"taxonomy":"brand","description":"","parent":0,"count":173,"filter":"raw"}],"product_brand":[],"product_cat":[27,67],"product_tag":[],"class_list":{"0":"post-2649","1":"product","2":"type-product","3":"status-publish","4":"has-post-thumbnail","6":"brand-fd-sanat-okulu","7":"product_cat-pastel","8":"product_cat-vazoda-cicekler-pastel","10":"first","11":"instock","12":"shipping-taxable","13":"purchasable","14":"product-type-simple"},"jetpack_sharing_enabled":true,"_links":{"self":[{"href":"https:\/\/fdartgallery.com\/index.php?rest_route=\/wp\/v2\/product\/2649","targetHints":{"allow":["GET"]}}],"collection":[{"href":"https:\/\/fdartgallery.com\/index.php?rest_route=\/wp\/v2\/product"}],"about":[{"href":"https:\/\/fdartgallery.com\/index.php?rest_route=\/wp\/v2\/types\/product"}],"replies":[{"embeddable":true,"href":"https:\/\/fdartgallery.com\/index.php?rest_route=%2Fwp%2Fv2%2Fcomments&post=2649"}],"version-history":[{"count":1,"href":"https:\/\/fdartgallery.com\/index.php?rest_route=\/wp\/v2\/product\/2649\/revisions"}],"predecessor-version":[{"id":2655,"href":"https:\/\/fdartgallery.com\/index.php?rest_route=\/wp\/v2\/product\/2649\/revisions\/2655"}],"wp:featuredmedia":[{"embeddable":true,"href":"https:\/\/fdartgallery.com\/index.php?rest_route=\/wp\/v2\/media\/2650"}],"wp:attachment":[{"href":"https:\/\/fdartgallery.com\/index.php?rest_route=%2Fwp%2Fv2%2Fmedia&parent=2649"}],"wp:term":[{"taxonomy":"brand","embeddable":true,"href":"https:\/\/fdartgallery.com\/index.php?rest_route=%2Fwp%2Fv2%2Fetheme_brands&post=2649"},{"taxonomy":"product_brand","embeddable":true,"href":"https:\/\/fdartgallery.com\/index.php?rest_route=%2Fwp%2Fv2%2Fproduct_brand&post=2649"},{"taxonomy":"product_cat","embeddable":true,"href":"https:\/\/fdartgallery.com\/index.php?rest_route=%2Fwp%2Fv2%2Fproduct_cat&post=2649"},{"taxonomy":"product_tag","embeddable":true,"href":"https:\/\/fdartgallery.com\/index.php?rest_route=%2Fwp%2Fv2%2Fproduct_tag&post=2649"}],"curies":[{"name":"wp","href":"https:\/\/api.w.org\/{rel}","templated":true}]}}