{"id":2656,"date":"2026-03-01T18:44:18","date_gmt":"2026-03-01T18:44:18","guid":{"rendered":"https:\/\/fdartgallery.com\/?post_type=product&#038;p=2656"},"modified":"2026-03-09T13:29:06","modified_gmt":"2026-03-09T13:29:06","slug":"ballerina","status":"publish","type":"product","link":"https:\/\/fdartgallery.com\/?product=ballerina","title":{"rendered":"&#8220;Ballerina&#8221;"},"content":{"rendered":"<p>Yumu\u015fak pastel dokusuyla, bir balerinin t\u00fct\u00fcs\u00fcndeki ve sa\u00e7\u0131ndaki dingin an\u0131 yakalayan zarif bir \u00e7al\u0131\u015fma. Arka plandaki sakin mavi tonlar\u0131 fig\u00fcr\u00fc \u00f6ne \u00e7\u0131kar\u0131yor. Yatak odalar\u0131nda, gen\u00e7 odalar\u0131nda, dans st\u00fcdyosu ofislerinde veya minimalist bir koridor duvar\u0131nda \u00e7ok huzurlu ve \u015f\u0131k durur.<\/p>\n","protected":false},"excerpt":{"rendered":"<p>&#8230;<\/p>\n","protected":false},"featured_media":2657,"comment_status":"open","ping_status":"closed","template":"","meta":[],"etheme_brands":[{"term_id":61,"name":"Fd Sanat Okulu","slug":"fd-sanat-okulu","term_group":0,"term_taxonomy_id":61,"taxonomy":"brand","description":"","parent":0,"count":173,"filter":"raw"}],"product_brand":[],"product_cat":[27,63],"product_tag":[],"class_list":{"0":"post-2656","1":"product","2":"type-product","3":"status-publish","4":"has-post-thumbnail","6":"brand-fd-sanat-okulu","7":"product_cat-pastel","8":"product_cat-figuratif-pastel","10":"first","11":"instock","12":"shipping-taxable","13":"purchasable","14":"product-type-simple"},"jetpack_sharing_enabled":true,"_links":{"self":[{"href":"https:\/\/fdartgallery.com\/index.php?rest_route=\/wp\/v2\/product\/2656","targetHints":{"allow":["GET"]}}],"collection":[{"href":"https:\/\/fdartgallery.com\/index.php?rest_route=\/wp\/v2\/product"}],"about":[{"href":"https:\/\/fdartgallery.com\/index.php?rest_route=\/wp\/v2\/types\/product"}],"replies":[{"embeddable":true,"href":"https:\/\/fdartgallery.com\/index.php?rest_route=%2Fwp%2Fv2%2Fcomments&post=2656"}],"version-history":[{"count":1,"href":"https:\/\/fdartgallery.com\/index.php?rest_route=\/wp\/v2\/product\/2656\/revisions"}],"predecessor-version":[{"id":2658,"href":"https:\/\/fdartgallery.com\/index.php?rest_route=\/wp\/v2\/product\/2656\/revisions\/2658"}],"wp:featuredmedia":[{"embeddable":true,"href":"https:\/\/fdartgallery.com\/index.php?rest_route=\/wp\/v2\/media\/2657"}],"wp:attachment":[{"href":"https:\/\/fdartgallery.com\/index.php?rest_route=%2Fwp%2Fv2%2Fmedia&parent=2656"}],"wp:term":[{"taxonomy":"brand","embeddable":true,"href":"https:\/\/fdartgallery.com\/index.php?rest_route=%2Fwp%2Fv2%2Fetheme_brands&post=2656"},{"taxonomy":"product_brand","embeddable":true,"href":"https:\/\/fdartgallery.com\/index.php?rest_route=%2Fwp%2Fv2%2Fproduct_brand&post=2656"},{"taxonomy":"product_cat","embeddable":true,"href":"https:\/\/fdartgallery.com\/index.php?rest_route=%2Fwp%2Fv2%2Fproduct_cat&post=2656"},{"taxonomy":"product_tag","embeddable":true,"href":"https:\/\/fdartgallery.com\/index.php?rest_route=%2Fwp%2Fv2%2Fproduct_tag&post=2656"}],"curies":[{"name":"wp","href":"https:\/\/api.w.org\/{rel}","templated":true}]}}