{"id":2721,"date":"2026-03-02T12:05:33","date_gmt":"2026-03-02T12:05:33","guid":{"rendered":"https:\/\/fdartgallery.com\/?post_type=product&#038;p=2721"},"modified":"2026-03-13T21:24:46","modified_gmt":"2026-03-13T21:24:46","slug":"fener","status":"publish","type":"product","link":"https:\/\/fdartgallery.com\/?product=fener","title":{"rendered":"&#8216;Fener&#8217;"},"content":{"rendered":"<p>&#8220;Yolunuzu ayd\u0131nlatan bir \u0131\u015f\u0131k, ruhunuzu dinlendiren bir manzara. U\u00e7suz bucaks\u0131z mavili\u011fin k\u0131y\u0131s\u0131nda bekleyen bu deniz feneri, size her bakt\u0131\u011f\u0131n\u0131zda \u00f6zg\u00fcrl\u00fc\u011f\u00fc ve huzuru hat\u0131rlatacak. Denizin kokusunu ve r\u00fczgar\u0131n sesini evinize ta\u015f\u0131yan bu eser, hayallerine liman arayanlar i\u00e7in.&#8221;<br \/>\n\u200bKullan\u0131m Alan\u0131 Alternatifleri: * Salon Duvar\u0131: Mekana derinlik katmak ve pencerelerinizi denize a\u00e7mak i\u00e7in.<br \/>\n\u200b\u00c7ocuk Odas\u0131: Hayal kurmay\u0131 seven k\u00fc\u00e7\u00fck ka\u015fifler i\u00e7in ilham verici bir fon.<br \/>\n\u200bYazl\u0131k Evler: Deniz temas\u0131n\u0131 sanatla peki\u015ftirmek i\u00e7in en uygun par\u00e7a.<\/p>\n","protected":false},"excerpt":{"rendered":"<p>&#8230;<\/p>\n","protected":false},"featured_media":2788,"comment_status":"open","ping_status":"closed","template":"","meta":[],"etheme_brands":[{"term_id":61,"name":"Fd Sanat Okulu","slug":"fd-sanat-okulu","term_group":0,"term_taxonomy_id":61,"taxonomy":"brand","description":"","parent":0,"count":173,"filter":"raw"}],"product_brand":[],"product_cat":[22,57],"product_tag":[],"class_list":{"0":"post-2721","1":"product","2":"type-product","3":"status-publish","4":"has-post-thumbnail","6":"brand-fd-sanat-okulu","7":"product_cat-acrylic","8":"product_cat-peyzaj","10":"first","11":"instock","12":"shipping-taxable","13":"purchasable","14":"product-type-simple"},"jetpack_sharing_enabled":true,"_links":{"self":[{"href":"https:\/\/fdartgallery.com\/index.php?rest_route=\/wp\/v2\/product\/2721","targetHints":{"allow":["GET"]}}],"collection":[{"href":"https:\/\/fdartgallery.com\/index.php?rest_route=\/wp\/v2\/product"}],"about":[{"href":"https:\/\/fdartgallery.com\/index.php?rest_route=\/wp\/v2\/types\/product"}],"replies":[{"embeddable":true,"href":"https:\/\/fdartgallery.com\/index.php?rest_route=%2Fwp%2Fv2%2Fcomments&post=2721"}],"version-history":[{"count":1,"href":"https:\/\/fdartgallery.com\/index.php?rest_route=\/wp\/v2\/product\/2721\/revisions"}],"predecessor-version":[{"id":2722,"href":"https:\/\/fdartgallery.com\/index.php?rest_route=\/wp\/v2\/product\/2721\/revisions\/2722"}],"wp:featuredmedia":[{"embeddable":true,"href":"https:\/\/fdartgallery.com\/index.php?rest_route=\/wp\/v2\/media\/2788"}],"wp:attachment":[{"href":"https:\/\/fdartgallery.com\/index.php?rest_route=%2Fwp%2Fv2%2Fmedia&parent=2721"}],"wp:term":[{"taxonomy":"brand","embeddable":true,"href":"https:\/\/fdartgallery.com\/index.php?rest_route=%2Fwp%2Fv2%2Fetheme_brands&post=2721"},{"taxonomy":"product_brand","embeddable":true,"href":"https:\/\/fdartgallery.com\/index.php?rest_route=%2Fwp%2Fv2%2Fproduct_brand&post=2721"},{"taxonomy":"product_cat","embeddable":true,"href":"https:\/\/fdartgallery.com\/index.php?rest_route=%2Fwp%2Fv2%2Fproduct_cat&post=2721"},{"taxonomy":"product_tag","embeddable":true,"href":"https:\/\/fdartgallery.com\/index.php?rest_route=%2Fwp%2Fv2%2Fproduct_tag&post=2721"}],"curies":[{"name":"wp","href":"https:\/\/api.w.org\/{rel}","templated":true}]}}