{"id":2782,"date":"2026-03-02T12:50:13","date_gmt":"2026-03-02T12:50:13","guid":{"rendered":"https:\/\/fdartgallery.com\/?post_type=product&#038;p=2782"},"modified":"2026-03-02T12:50:13","modified_gmt":"2026-03-02T12:50:13","slug":"maria","status":"publish","type":"product","link":"https:\/\/fdartgallery.com\/?product=maria","title":{"rendered":"&#8216;Maria&#8217;"},"content":{"rendered":"<p>\u200b&#8221;Bu b\u00fcy\u00fcleyici portre, teknik bir ba\u015far\u0131dan \u00e7ok daha fazlas\u0131; bir an\u0131n, bir duygunun ve en \u00f6nemlisi &#8216;\u0131\u015f\u0131\u011f\u0131n&#8217; kutlamas\u0131d\u0131r. Fig\u00fcr\u00fcn sa\u00e7lar\u0131ndan s\u00fcz\u00fclen alt\u0131n sar\u0131s\u0131 par\u0131lt\u0131lar ve arka plandaki koyu tonlar\u0131n yaratt\u0131\u011f\u0131 kontrast, izleyiciyi adeta b\u00fcy\u00fcleyici bir atmosferin i\u00e7ine \u00e7ekiyor. Yan\u0131ndaki antika objelerle birle\u015fen bu kompozisyon, klasik sanat\u0131n asaletini modern bir yorumla sunuyor. Evinde odak noktas\u0131 yaratmak ve sanat\u0131n zarif g\u00fcc\u00fcn\u00fc hissetmek isteyen koleksiyonerler i\u00e7in e\u015fsiz bir par\u00e7a.&#8221;<\/p>\n","protected":false},"excerpt":{"rendered":"<p>&#8230;<\/p>\n","protected":false},"featured_media":2783,"comment_status":"open","ping_status":"closed","template":"","meta":[],"etheme_brands":[{"term_id":61,"name":"Fd Sanat Okulu","slug":"fd-sanat-okulu","term_group":0,"term_taxonomy_id":61,"taxonomy":"brand","description":"","parent":0,"count":173,"filter":"raw"}],"product_brand":[],"product_cat":[41,68],"product_tag":[],"class_list":{"0":"post-2782","1":"product","2":"type-product","3":"status-publish","4":"has-post-thumbnail","6":"brand-fd-sanat-okulu","7":"product_cat-oil","8":"product_cat-figuratif-oil","10":"first","11":"instock","12":"shipping-taxable","13":"purchasable","14":"product-type-simple"},"jetpack_sharing_enabled":true,"_links":{"self":[{"href":"https:\/\/fdartgallery.com\/index.php?rest_route=\/wp\/v2\/product\/2782","targetHints":{"allow":["GET"]}}],"collection":[{"href":"https:\/\/fdartgallery.com\/index.php?rest_route=\/wp\/v2\/product"}],"about":[{"href":"https:\/\/fdartgallery.com\/index.php?rest_route=\/wp\/v2\/types\/product"}],"replies":[{"embeddable":true,"href":"https:\/\/fdartgallery.com\/index.php?rest_route=%2Fwp%2Fv2%2Fcomments&post=2782"}],"version-history":[{"count":1,"href":"https:\/\/fdartgallery.com\/index.php?rest_route=\/wp\/v2\/product\/2782\/revisions"}],"predecessor-version":[{"id":2784,"href":"https:\/\/fdartgallery.com\/index.php?rest_route=\/wp\/v2\/product\/2782\/revisions\/2784"}],"wp:featuredmedia":[{"embeddable":true,"href":"https:\/\/fdartgallery.com\/index.php?rest_route=\/wp\/v2\/media\/2783"}],"wp:attachment":[{"href":"https:\/\/fdartgallery.com\/index.php?rest_route=%2Fwp%2Fv2%2Fmedia&parent=2782"}],"wp:term":[{"taxonomy":"brand","embeddable":true,"href":"https:\/\/fdartgallery.com\/index.php?rest_route=%2Fwp%2Fv2%2Fetheme_brands&post=2782"},{"taxonomy":"product_brand","embeddable":true,"href":"https:\/\/fdartgallery.com\/index.php?rest_route=%2Fwp%2Fv2%2Fproduct_brand&post=2782"},{"taxonomy":"product_cat","embeddable":true,"href":"https:\/\/fdartgallery.com\/index.php?rest_route=%2Fwp%2Fv2%2Fproduct_cat&post=2782"},{"taxonomy":"product_tag","embeddable":true,"href":"https:\/\/fdartgallery.com\/index.php?rest_route=%2Fwp%2Fv2%2Fproduct_tag&post=2782"}],"curies":[{"name":"wp","href":"https:\/\/api.w.org\/{rel}","templated":true}]}}