{"id":2884,"date":"2026-03-07T21:24:25","date_gmt":"2026-03-07T21:24:25","guid":{"rendered":"https:\/\/fdartgallery.com\/?post_type=product&#038;p=2884"},"modified":"2026-03-07T21:24:25","modified_gmt":"2026-03-07T21:24:25","slug":"lemons","status":"publish","type":"product","link":"https:\/\/fdartgallery.com\/?product=lemons","title":{"rendered":"&#8220;Lemons&#8221;"},"content":{"rendered":"<blockquote><p>Mutfa\u011f\u0131n\u0131za ya da yemek odan\u0131za enerji katacak, do\u011fan\u0131n canl\u0131l\u0131\u011f\u0131n\u0131 hissettiren bir par\u00e7a. I\u015f\u0131k oyunlar\u0131 ve g\u00f6lgeleriyle derinlik kazanan bu limonlar, mutfak duvarlar\u0131n\u0131zda veya kahve k\u00f6\u015fenizde taze ve i\u015ftah a\u00e7\u0131c\u0131 bir atmosfer yaratacakt\u0131r.<\/p><\/blockquote>\n","protected":false},"excerpt":{"rendered":"<p>&#8230;<\/p>\n","protected":false},"featured_media":2885,"comment_status":"open","ping_status":"closed","template":"","meta":[],"etheme_brands":[{"term_id":61,"name":"Fd Sanat Okulu","slug":"fd-sanat-okulu","term_group":0,"term_taxonomy_id":61,"taxonomy":"brand","description":"","parent":0,"count":173,"filter":"raw"}],"product_brand":[],"product_cat":[43,76],"product_tag":[],"class_list":{"0":"post-2884","1":"product","2":"type-product","3":"status-publish","4":"has-post-thumbnail","6":"brand-fd-sanat-okulu","7":"product_cat-water-color","8":"product_cat-naturmont-konulu","10":"first","11":"instock","12":"shipping-taxable","13":"purchasable","14":"product-type-simple"},"jetpack_sharing_enabled":true,"_links":{"self":[{"href":"https:\/\/fdartgallery.com\/index.php?rest_route=\/wp\/v2\/product\/2884","targetHints":{"allow":["GET"]}}],"collection":[{"href":"https:\/\/fdartgallery.com\/index.php?rest_route=\/wp\/v2\/product"}],"about":[{"href":"https:\/\/fdartgallery.com\/index.php?rest_route=\/wp\/v2\/types\/product"}],"replies":[{"embeddable":true,"href":"https:\/\/fdartgallery.com\/index.php?rest_route=%2Fwp%2Fv2%2Fcomments&post=2884"}],"version-history":[{"count":1,"href":"https:\/\/fdartgallery.com\/index.php?rest_route=\/wp\/v2\/product\/2884\/revisions"}],"predecessor-version":[{"id":2886,"href":"https:\/\/fdartgallery.com\/index.php?rest_route=\/wp\/v2\/product\/2884\/revisions\/2886"}],"wp:featuredmedia":[{"embeddable":true,"href":"https:\/\/fdartgallery.com\/index.php?rest_route=\/wp\/v2\/media\/2885"}],"wp:attachment":[{"href":"https:\/\/fdartgallery.com\/index.php?rest_route=%2Fwp%2Fv2%2Fmedia&parent=2884"}],"wp:term":[{"taxonomy":"brand","embeddable":true,"href":"https:\/\/fdartgallery.com\/index.php?rest_route=%2Fwp%2Fv2%2Fetheme_brands&post=2884"},{"taxonomy":"product_brand","embeddable":true,"href":"https:\/\/fdartgallery.com\/index.php?rest_route=%2Fwp%2Fv2%2Fproduct_brand&post=2884"},{"taxonomy":"product_cat","embeddable":true,"href":"https:\/\/fdartgallery.com\/index.php?rest_route=%2Fwp%2Fv2%2Fproduct_cat&post=2884"},{"taxonomy":"product_tag","embeddable":true,"href":"https:\/\/fdartgallery.com\/index.php?rest_route=%2Fwp%2Fv2%2Fproduct_tag&post=2884"}],"curies":[{"name":"wp","href":"https:\/\/api.w.org\/{rel}","templated":true}]}}