{"id":2918,"date":"2026-03-07T21:45:05","date_gmt":"2026-03-07T21:45:05","guid":{"rendered":"https:\/\/fdartgallery.com\/?post_type=product&#038;p=2918"},"modified":"2026-03-07T21:45:05","modified_gmt":"2026-03-07T21:45:05","slug":"naturmort","status":"publish","type":"product","link":"https:\/\/fdartgallery.com\/?product=naturmort","title":{"rendered":"&#8220;Naturmort&#8221;"},"content":{"rendered":"<p>Cam\u0131n \u015feffafl\u0131\u011f\u0131 ve meyvelerin dokusu aras\u0131ndaki o ince fark\u0131 kalemle hissettiren teknik bir ba\u015fyap\u0131t. Ger\u00e7ek\u00e7i detaylar\u0131 seven sanatseverler i\u00e7in koleksiyonluk bir par\u00e7a.<\/p>\n<p>\u200bKullan\u0131m Alan\u0131: Sanat k\u00f6\u015feleri, akademik ortamlar veya \u015f\u0131k bir b\u00fcfenin \u00fczerindeki tablo stand\u0131.<\/p>\n","protected":false},"excerpt":{"rendered":"<p>&#8230;<\/p>\n","protected":false},"featured_media":2919,"comment_status":"open","ping_status":"closed","template":"","meta":[],"etheme_brands":[{"term_id":61,"name":"Fd Sanat Okulu","slug":"fd-sanat-okulu","term_group":0,"term_taxonomy_id":61,"taxonomy":"brand","description":"","parent":0,"count":173,"filter":"raw"}],"product_brand":[],"product_cat":[40],"product_tag":[],"class_list":{"0":"post-2918","1":"product","2":"type-product","3":"status-publish","4":"has-post-thumbnail","6":"brand-fd-sanat-okulu","7":"product_cat-sketching","9":"first","10":"instock","11":"shipping-taxable","12":"purchasable","13":"product-type-simple"},"jetpack_sharing_enabled":true,"_links":{"self":[{"href":"https:\/\/fdartgallery.com\/index.php?rest_route=\/wp\/v2\/product\/2918","targetHints":{"allow":["GET"]}}],"collection":[{"href":"https:\/\/fdartgallery.com\/index.php?rest_route=\/wp\/v2\/product"}],"about":[{"href":"https:\/\/fdartgallery.com\/index.php?rest_route=\/wp\/v2\/types\/product"}],"replies":[{"embeddable":true,"href":"https:\/\/fdartgallery.com\/index.php?rest_route=%2Fwp%2Fv2%2Fcomments&post=2918"}],"version-history":[{"count":1,"href":"https:\/\/fdartgallery.com\/index.php?rest_route=\/wp\/v2\/product\/2918\/revisions"}],"predecessor-version":[{"id":2920,"href":"https:\/\/fdartgallery.com\/index.php?rest_route=\/wp\/v2\/product\/2918\/revisions\/2920"}],"wp:featuredmedia":[{"embeddable":true,"href":"https:\/\/fdartgallery.com\/index.php?rest_route=\/wp\/v2\/media\/2919"}],"wp:attachment":[{"href":"https:\/\/fdartgallery.com\/index.php?rest_route=%2Fwp%2Fv2%2Fmedia&parent=2918"}],"wp:term":[{"taxonomy":"brand","embeddable":true,"href":"https:\/\/fdartgallery.com\/index.php?rest_route=%2Fwp%2Fv2%2Fetheme_brands&post=2918"},{"taxonomy":"product_brand","embeddable":true,"href":"https:\/\/fdartgallery.com\/index.php?rest_route=%2Fwp%2Fv2%2Fproduct_brand&post=2918"},{"taxonomy":"product_cat","embeddable":true,"href":"https:\/\/fdartgallery.com\/index.php?rest_route=%2Fwp%2Fv2%2Fproduct_cat&post=2918"},{"taxonomy":"product_tag","embeddable":true,"href":"https:\/\/fdartgallery.com\/index.php?rest_route=%2Fwp%2Fv2%2Fproduct_tag&post=2918"}],"curies":[{"name":"wp","href":"https:\/\/api.w.org\/{rel}","templated":true}]}}