{"id":2921,"date":"2026-03-07T21:51:09","date_gmt":"2026-03-07T21:51:09","guid":{"rendered":"https:\/\/fdartgallery.com\/?post_type=product&#038;p=2921"},"modified":"2026-03-07T21:51:09","modified_gmt":"2026-03-07T21:51:09","slug":"istanbulda-gun-batimi","status":"publish","type":"product","link":"https:\/\/fdartgallery.com\/?product=istanbulda-gun-batimi","title":{"rendered":"&#8220;\u0130stanbul&#8217;da G\u00fcn Bat\u0131m\u0131&#8221;"},"content":{"rendered":"<p>\u0130stanbul\u2019un o e\u015fsiz sil\u00fceti, suluboyan\u0131n soft ge\u00e7i\u015fleriyle yeniden hayat buluyor. Bal\u0131k\u00e7\u0131 tekneleri ve g\u00f6ky\u00fcz\u00fcnde s\u00fcz\u00fclen mart\u0131larla, \u015fehrin kaosu yerini derin bir dinginli\u011fe b\u0131rakm\u0131\u015f.<\/p>\n<p>\u200bKullan\u0131m Alan\u0131: \u00c7al\u0131\u015fma odalar\u0131nda ilham verici bir k\u00f6\u015fe olu\u015fturmak veya antrede misafirleri huzurlu bir manzarayla kar\u015f\u0131lamak i\u00e7in ideal.<\/p>\n","protected":false},"excerpt":{"rendered":"<p>&#8230;<\/p>\n","protected":false},"featured_media":2922,"comment_status":"open","ping_status":"closed","template":"","meta":[],"etheme_brands":[{"term_id":61,"name":"Fd Sanat Okulu","slug":"fd-sanat-okulu","term_group":0,"term_taxonomy_id":61,"taxonomy":"brand","description":"","parent":0,"count":173,"filter":"raw"}],"product_brand":[],"product_cat":[43,75],"product_tag":[],"class_list":{"0":"post-2921","1":"product","2":"type-product","3":"status-publish","4":"has-post-thumbnail","6":"brand-fd-sanat-okulu","7":"product_cat-water-color","8":"product_cat-peyzaj-konulu","10":"first","11":"instock","12":"shipping-taxable","13":"purchasable","14":"product-type-simple"},"jetpack_sharing_enabled":true,"_links":{"self":[{"href":"https:\/\/fdartgallery.com\/index.php?rest_route=\/wp\/v2\/product\/2921","targetHints":{"allow":["GET"]}}],"collection":[{"href":"https:\/\/fdartgallery.com\/index.php?rest_route=\/wp\/v2\/product"}],"about":[{"href":"https:\/\/fdartgallery.com\/index.php?rest_route=\/wp\/v2\/types\/product"}],"replies":[{"embeddable":true,"href":"https:\/\/fdartgallery.com\/index.php?rest_route=%2Fwp%2Fv2%2Fcomments&post=2921"}],"version-history":[{"count":1,"href":"https:\/\/fdartgallery.com\/index.php?rest_route=\/wp\/v2\/product\/2921\/revisions"}],"predecessor-version":[{"id":2923,"href":"https:\/\/fdartgallery.com\/index.php?rest_route=\/wp\/v2\/product\/2921\/revisions\/2923"}],"wp:featuredmedia":[{"embeddable":true,"href":"https:\/\/fdartgallery.com\/index.php?rest_route=\/wp\/v2\/media\/2922"}],"wp:attachment":[{"href":"https:\/\/fdartgallery.com\/index.php?rest_route=%2Fwp%2Fv2%2Fmedia&parent=2921"}],"wp:term":[{"taxonomy":"brand","embeddable":true,"href":"https:\/\/fdartgallery.com\/index.php?rest_route=%2Fwp%2Fv2%2Fetheme_brands&post=2921"},{"taxonomy":"product_brand","embeddable":true,"href":"https:\/\/fdartgallery.com\/index.php?rest_route=%2Fwp%2Fv2%2Fproduct_brand&post=2921"},{"taxonomy":"product_cat","embeddable":true,"href":"https:\/\/fdartgallery.com\/index.php?rest_route=%2Fwp%2Fv2%2Fproduct_cat&post=2921"},{"taxonomy":"product_tag","embeddable":true,"href":"https:\/\/fdartgallery.com\/index.php?rest_route=%2Fwp%2Fv2%2Fproduct_tag&post=2921"}],"curies":[{"name":"wp","href":"https:\/\/api.w.org\/{rel}","templated":true}]}}