{"id":2924,"date":"2026-03-07T21:52:36","date_gmt":"2026-03-07T21:52:36","guid":{"rendered":"https:\/\/fdartgallery.com\/?post_type=product&#038;p=2924"},"modified":"2026-03-07T21:57:36","modified_gmt":"2026-03-07T21:57:36","slug":"window","status":"publish","type":"product","link":"https:\/\/fdartgallery.com\/?product=window","title":{"rendered":"&#8220;Window&#8221;"},"content":{"rendered":"<p>Eski bir \u00e7aydanl\u0131k, yar\u0131m b\u0131rak\u0131lm\u0131\u015f bir elma ve ba\u015frolde bir keman&#8230; I\u015f\u0131\u011f\u0131n pencereden s\u00fcz\u00fcl\u00fc\u015f\u00fcndeki ustal\u0131k, izleyiciyi eski, ya\u015fanm\u0131\u015f an\u0131lara g\u00f6t\u00fcr\u00fcyor. Karakalemin siyah-beyaz dramatik etkisi \u00e7ok g\u00fc\u00e7l\u00fc.<\/p>\n<p>\u200bKullan\u0131m Alan\u0131: Kitapl\u0131k yan\u0131na, m\u00fczik k\u00f6\u015fesine veya vintage dekorasyon temal\u0131 salonlara \u00e7ok yak\u0131\u015facakt\u0131r.<\/p>\n","protected":false},"excerpt":{"rendered":"<p>&#8230;<\/p>\n","protected":false},"featured_media":2931,"comment_status":"open","ping_status":"closed","template":"","meta":[],"etheme_brands":[{"term_id":61,"name":"Fd Sanat Okulu","slug":"fd-sanat-okulu","term_group":0,"term_taxonomy_id":61,"taxonomy":"brand","description":"","parent":0,"count":173,"filter":"raw"}],"product_brand":[],"product_cat":[40],"product_tag":[],"class_list":{"0":"post-2924","1":"product","2":"type-product","3":"status-publish","4":"has-post-thumbnail","6":"brand-fd-sanat-okulu","7":"product_cat-sketching","9":"first","10":"instock","11":"shipping-taxable","12":"purchasable","13":"product-type-simple"},"jetpack_sharing_enabled":true,"_links":{"self":[{"href":"https:\/\/fdartgallery.com\/index.php?rest_route=\/wp\/v2\/product\/2924","targetHints":{"allow":["GET"]}}],"collection":[{"href":"https:\/\/fdartgallery.com\/index.php?rest_route=\/wp\/v2\/product"}],"about":[{"href":"https:\/\/fdartgallery.com\/index.php?rest_route=\/wp\/v2\/types\/product"}],"replies":[{"embeddable":true,"href":"https:\/\/fdartgallery.com\/index.php?rest_route=%2Fwp%2Fv2%2Fcomments&post=2924"}],"version-history":[{"count":2,"href":"https:\/\/fdartgallery.com\/index.php?rest_route=\/wp\/v2\/product\/2924\/revisions"}],"predecessor-version":[{"id":2932,"href":"https:\/\/fdartgallery.com\/index.php?rest_route=\/wp\/v2\/product\/2924\/revisions\/2932"}],"wp:featuredmedia":[{"embeddable":true,"href":"https:\/\/fdartgallery.com\/index.php?rest_route=\/wp\/v2\/media\/2931"}],"wp:attachment":[{"href":"https:\/\/fdartgallery.com\/index.php?rest_route=%2Fwp%2Fv2%2Fmedia&parent=2924"}],"wp:term":[{"taxonomy":"brand","embeddable":true,"href":"https:\/\/fdartgallery.com\/index.php?rest_route=%2Fwp%2Fv2%2Fetheme_brands&post=2924"},{"taxonomy":"product_brand","embeddable":true,"href":"https:\/\/fdartgallery.com\/index.php?rest_route=%2Fwp%2Fv2%2Fproduct_brand&post=2924"},{"taxonomy":"product_cat","embeddable":true,"href":"https:\/\/fdartgallery.com\/index.php?rest_route=%2Fwp%2Fv2%2Fproduct_cat&post=2924"},{"taxonomy":"product_tag","embeddable":true,"href":"https:\/\/fdartgallery.com\/index.php?rest_route=%2Fwp%2Fv2%2Fproduct_tag&post=2924"}],"curies":[{"name":"wp","href":"https:\/\/api.w.org\/{rel}","templated":true}]}}