{"id":2949,"date":"2026-03-09T09:24:04","date_gmt":"2026-03-09T09:24:04","guid":{"rendered":"https:\/\/fdartgallery.com\/?post_type=product&#038;p=2949"},"modified":"2026-03-09T09:24:04","modified_gmt":"2026-03-09T09:24:04","slug":"the-elegance-of-white","status":"publish","type":"product","link":"https:\/\/fdartgallery.com\/?product=the-elegance-of-white","title":{"rendered":"&#8216;The elegance of white&#8217;"},"content":{"rendered":"<p>\u015eeffaf suluboya tekni\u011fiyle \u00e7al\u0131\u015f\u0131lm\u0131\u015f, naif bir kompozisyon. Toprak tonlar\u0131ndaki vazonun a\u011f\u0131rl\u0131\u011f\u0131 ile beyaz \u00e7i\u00e7e\u011fin hafifli\u011fi aras\u0131ndaki denge, izleyiciye dinginlik veren bir atmosfer sunuyor.<br \/>\n\u200bKullan\u0131m Alan\u0131: Yatak odas\u0131 komodin \u00fczeri veya dinlenme k\u00f6\u015feleri i\u00e7in ideal; yumu\u015fak ge\u00e7i\u015fleri sayesinde bulundu\u011fu ortama sakinlik katar.<\/p>\n","protected":false},"excerpt":{"rendered":"<p>&#8230;<\/p>\n","protected":false},"featured_media":2950,"comment_status":"open","ping_status":"closed","template":"","meta":[],"etheme_brands":[{"term_id":61,"name":"Fd Sanat Okulu","slug":"fd-sanat-okulu","term_group":0,"term_taxonomy_id":61,"taxonomy":"brand","description":"","parent":0,"count":173,"filter":"raw"}],"product_brand":[],"product_cat":[43,73],"product_tag":[],"class_list":{"0":"post-2949","1":"product","2":"type-product","3":"status-publish","4":"has-post-thumbnail","6":"brand-fd-sanat-okulu","7":"product_cat-water-color","8":"product_cat-vazoda-cicekler-konulu","10":"first","11":"instock","12":"shipping-taxable","13":"purchasable","14":"product-type-simple"},"jetpack_sharing_enabled":true,"_links":{"self":[{"href":"https:\/\/fdartgallery.com\/index.php?rest_route=\/wp\/v2\/product\/2949","targetHints":{"allow":["GET"]}}],"collection":[{"href":"https:\/\/fdartgallery.com\/index.php?rest_route=\/wp\/v2\/product"}],"about":[{"href":"https:\/\/fdartgallery.com\/index.php?rest_route=\/wp\/v2\/types\/product"}],"replies":[{"embeddable":true,"href":"https:\/\/fdartgallery.com\/index.php?rest_route=%2Fwp%2Fv2%2Fcomments&post=2949"}],"version-history":[{"count":1,"href":"https:\/\/fdartgallery.com\/index.php?rest_route=\/wp\/v2\/product\/2949\/revisions"}],"predecessor-version":[{"id":2951,"href":"https:\/\/fdartgallery.com\/index.php?rest_route=\/wp\/v2\/product\/2949\/revisions\/2951"}],"wp:featuredmedia":[{"embeddable":true,"href":"https:\/\/fdartgallery.com\/index.php?rest_route=\/wp\/v2\/media\/2950"}],"wp:attachment":[{"href":"https:\/\/fdartgallery.com\/index.php?rest_route=%2Fwp%2Fv2%2Fmedia&parent=2949"}],"wp:term":[{"taxonomy":"brand","embeddable":true,"href":"https:\/\/fdartgallery.com\/index.php?rest_route=%2Fwp%2Fv2%2Fetheme_brands&post=2949"},{"taxonomy":"product_brand","embeddable":true,"href":"https:\/\/fdartgallery.com\/index.php?rest_route=%2Fwp%2Fv2%2Fproduct_brand&post=2949"},{"taxonomy":"product_cat","embeddable":true,"href":"https:\/\/fdartgallery.com\/index.php?rest_route=%2Fwp%2Fv2%2Fproduct_cat&post=2949"},{"taxonomy":"product_tag","embeddable":true,"href":"https:\/\/fdartgallery.com\/index.php?rest_route=%2Fwp%2Fv2%2Fproduct_tag&post=2949"}],"curies":[{"name":"wp","href":"https:\/\/api.w.org\/{rel}","templated":true}]}}