{"id":2977,"date":"2026-03-09T09:51:34","date_gmt":"2026-03-09T09:51:34","guid":{"rendered":"https:\/\/fdartgallery.com\/?post_type=product&#038;p=2977"},"modified":"2026-03-09T09:51:34","modified_gmt":"2026-03-09T09:51:34","slug":"bahar-habercisi","status":"publish","type":"product","link":"https:\/\/fdartgallery.com\/?product=bahar-habercisi","title":{"rendered":"&#8216;Bahar Habercisi&#8217;"},"content":{"rendered":"<p>Canl\u0131 mavi ve s\u0131cak turuncu tonlar\u0131n\u0131n bulu\u015ftu\u011fu, dokusuyla \u00f6ne \u00e7\u0131kan bir ku\u015f portresi. Pastel boyan\u0131n kadifemsi yap\u0131s\u0131, ku\u015fun t\u00fcylerindeki yumu\u015fakl\u0131\u011f\u0131 ve bak\u0131\u015f\u0131ndaki masumiyeti ustal\u0131kla yans\u0131t\u0131yor. Enerjisi y\u00fcksek ama bir o kadar da i\u00e7ten bir \u00e7al\u0131\u015fma.<br \/>\n\u200bKullan\u0131m Alan\u0131: Antre giri\u015flerinde gelenleri kar\u015f\u0131layan sevimli bir detay olarak veya \u00e7ocuk odalar\u0131nda ne\u015feli bir dekoratif unsur olarak tercih edilebilir.<\/p>\n","protected":false},"excerpt":{"rendered":"<p>&#8230;<\/p>\n","protected":false},"featured_media":2978,"comment_status":"open","ping_status":"closed","template":"","meta":[],"etheme_brands":[{"term_id":61,"name":"Fd Sanat Okulu","slug":"fd-sanat-okulu","term_group":0,"term_taxonomy_id":61,"taxonomy":"brand","description":"","parent":0,"count":173,"filter":"raw"}],"product_brand":[],"product_cat":[27,63],"product_tag":[],"class_list":{"0":"post-2977","1":"product","2":"type-product","3":"status-publish","4":"has-post-thumbnail","6":"brand-fd-sanat-okulu","7":"product_cat-pastel","8":"product_cat-figuratif-pastel","10":"first","11":"instock","12":"shipping-taxable","13":"purchasable","14":"product-type-simple"},"jetpack_sharing_enabled":true,"_links":{"self":[{"href":"https:\/\/fdartgallery.com\/index.php?rest_route=\/wp\/v2\/product\/2977","targetHints":{"allow":["GET"]}}],"collection":[{"href":"https:\/\/fdartgallery.com\/index.php?rest_route=\/wp\/v2\/product"}],"about":[{"href":"https:\/\/fdartgallery.com\/index.php?rest_route=\/wp\/v2\/types\/product"}],"replies":[{"embeddable":true,"href":"https:\/\/fdartgallery.com\/index.php?rest_route=%2Fwp%2Fv2%2Fcomments&post=2977"}],"version-history":[{"count":1,"href":"https:\/\/fdartgallery.com\/index.php?rest_route=\/wp\/v2\/product\/2977\/revisions"}],"predecessor-version":[{"id":2979,"href":"https:\/\/fdartgallery.com\/index.php?rest_route=\/wp\/v2\/product\/2977\/revisions\/2979"}],"wp:featuredmedia":[{"embeddable":true,"href":"https:\/\/fdartgallery.com\/index.php?rest_route=\/wp\/v2\/media\/2978"}],"wp:attachment":[{"href":"https:\/\/fdartgallery.com\/index.php?rest_route=%2Fwp%2Fv2%2Fmedia&parent=2977"}],"wp:term":[{"taxonomy":"brand","embeddable":true,"href":"https:\/\/fdartgallery.com\/index.php?rest_route=%2Fwp%2Fv2%2Fetheme_brands&post=2977"},{"taxonomy":"product_brand","embeddable":true,"href":"https:\/\/fdartgallery.com\/index.php?rest_route=%2Fwp%2Fv2%2Fproduct_brand&post=2977"},{"taxonomy":"product_cat","embeddable":true,"href":"https:\/\/fdartgallery.com\/index.php?rest_route=%2Fwp%2Fv2%2Fproduct_cat&post=2977"},{"taxonomy":"product_tag","embeddable":true,"href":"https:\/\/fdartgallery.com\/index.php?rest_route=%2Fwp%2Fv2%2Fproduct_tag&post=2977"}],"curies":[{"name":"wp","href":"https:\/\/api.w.org\/{rel}","templated":true}]}}