{"id":2989,"date":"2026-03-09T10:03:27","date_gmt":"2026-03-09T10:03:27","guid":{"rendered":"https:\/\/fdartgallery.com\/?post_type=product&#038;p=2989"},"modified":"2026-03-09T10:03:27","modified_gmt":"2026-03-09T10:03:27","slug":"kiyidaki-rehber","status":"publish","type":"product","link":"https:\/\/fdartgallery.com\/?product=kiyidaki-rehber","title":{"rendered":"&#8216;K\u0131y\u0131daki Rehber&#8217;"},"content":{"rendered":"<p>G\u00f6ky\u00fcz\u00fcn\u00fcn yumu\u015fak renkleriyle kontrast olu\u015fturan canl\u0131 k\u0131rm\u0131z\u0131 bir deniz feneri ve k\u0131y\u0131ya vuran hafif dalgalar. Pastel boyan\u0131n dokusuyla \u015fekillenen bulutlar ve ufukta s\u00fcz\u00fclen mart\u0131lar, izleyiciye huzurlu bir deniz esintisi vadediyor.<br \/>\n\u200bKullan\u0131m Alan\u0131: Antrelerde, \u00e7al\u0131\u015fma odalar\u0131nda veya yazl\u0131k evlerin dekorasyonunda deniz temal\u0131, ferah bir k\u00f6\u015fe yaratmak i\u00e7in idealdir.<\/p>\n","protected":false},"excerpt":{"rendered":"<p>&#8230;<\/p>\n","protected":false},"featured_media":2990,"comment_status":"open","ping_status":"closed","template":"","meta":[],"etheme_brands":[{"term_id":61,"name":"Fd Sanat Okulu","slug":"fd-sanat-okulu","term_group":0,"term_taxonomy_id":61,"taxonomy":"brand","description":"","parent":0,"count":173,"filter":"raw"}],"product_brand":[],"product_cat":[27,65],"product_tag":[],"class_list":{"0":"post-2989","1":"product","2":"type-product","3":"status-publish","4":"has-post-thumbnail","6":"brand-fd-sanat-okulu","7":"product_cat-pastel","8":"product_cat-peyzaj-pastel","10":"first","11":"instock","12":"shipping-taxable","13":"purchasable","14":"product-type-simple"},"jetpack_sharing_enabled":true,"_links":{"self":[{"href":"https:\/\/fdartgallery.com\/index.php?rest_route=\/wp\/v2\/product\/2989","targetHints":{"allow":["GET"]}}],"collection":[{"href":"https:\/\/fdartgallery.com\/index.php?rest_route=\/wp\/v2\/product"}],"about":[{"href":"https:\/\/fdartgallery.com\/index.php?rest_route=\/wp\/v2\/types\/product"}],"replies":[{"embeddable":true,"href":"https:\/\/fdartgallery.com\/index.php?rest_route=%2Fwp%2Fv2%2Fcomments&post=2989"}],"version-history":[{"count":1,"href":"https:\/\/fdartgallery.com\/index.php?rest_route=\/wp\/v2\/product\/2989\/revisions"}],"predecessor-version":[{"id":2991,"href":"https:\/\/fdartgallery.com\/index.php?rest_route=\/wp\/v2\/product\/2989\/revisions\/2991"}],"wp:featuredmedia":[{"embeddable":true,"href":"https:\/\/fdartgallery.com\/index.php?rest_route=\/wp\/v2\/media\/2990"}],"wp:attachment":[{"href":"https:\/\/fdartgallery.com\/index.php?rest_route=%2Fwp%2Fv2%2Fmedia&parent=2989"}],"wp:term":[{"taxonomy":"brand","embeddable":true,"href":"https:\/\/fdartgallery.com\/index.php?rest_route=%2Fwp%2Fv2%2Fetheme_brands&post=2989"},{"taxonomy":"product_brand","embeddable":true,"href":"https:\/\/fdartgallery.com\/index.php?rest_route=%2Fwp%2Fv2%2Fproduct_brand&post=2989"},{"taxonomy":"product_cat","embeddable":true,"href":"https:\/\/fdartgallery.com\/index.php?rest_route=%2Fwp%2Fv2%2Fproduct_cat&post=2989"},{"taxonomy":"product_tag","embeddable":true,"href":"https:\/\/fdartgallery.com\/index.php?rest_route=%2Fwp%2Fv2%2Fproduct_tag&post=2989"}],"curies":[{"name":"wp","href":"https:\/\/api.w.org\/{rel}","templated":true}]}}