{"id":3066,"date":"2026-03-09T11:12:43","date_gmt":"2026-03-09T11:12:43","guid":{"rendered":"https:\/\/fdartgallery.com\/?post_type=product&#038;p=3066"},"modified":"2026-03-09T13:23:20","modified_gmt":"2026-03-09T13:23:20","slug":"red","status":"publish","type":"product","link":"https:\/\/fdartgallery.com\/?product=red","title":{"rendered":"&#8216;Red&#8217;"},"content":{"rendered":"<p>Siyah fonun derinli\u011finde parlayan bu nar fig\u00fcr\u00fc, \u0131\u015f\u0131k ve g\u00f6lgenin dramatik etkisini yans\u0131t\u0131yor. Klasik bir sembol\u00fcn modern ve yal\u0131n bir yorumu olan bu eser, k\u0131rm\u0131z\u0131n\u0131n en canl\u0131 tonlar\u0131n\u0131 bar\u0131nd\u0131r\u0131yor.<br \/>\n\u200bKullan\u0131m Alanlar\u0131: Mutfak ni\u015fleri, b\u00fcfe \u00fcstleri veya klasik tarzdaki salonlar i\u00e7in vazge\u00e7ilmez bir dekoratif unsurdur.<\/p>\n","protected":false},"excerpt":{"rendered":"<p>&#8230;<\/p>\n","protected":false},"featured_media":3067,"comment_status":"open","ping_status":"closed","template":"","meta":[],"etheme_brands":[],"product_brand":[],"product_cat":[22,55],"product_tag":[],"class_list":{"0":"post-3066","1":"product","2":"type-product","3":"status-publish","4":"has-post-thumbnail","6":"product_cat-acrylic","7":"product_cat-naturmont","9":"first","10":"instock","11":"shipping-taxable","12":"purchasable","13":"product-type-simple"},"jetpack_sharing_enabled":true,"_links":{"self":[{"href":"https:\/\/fdartgallery.com\/index.php?rest_route=\/wp\/v2\/product\/3066","targetHints":{"allow":["GET"]}}],"collection":[{"href":"https:\/\/fdartgallery.com\/index.php?rest_route=\/wp\/v2\/product"}],"about":[{"href":"https:\/\/fdartgallery.com\/index.php?rest_route=\/wp\/v2\/types\/product"}],"replies":[{"embeddable":true,"href":"https:\/\/fdartgallery.com\/index.php?rest_route=%2Fwp%2Fv2%2Fcomments&post=3066"}],"version-history":[{"count":1,"href":"https:\/\/fdartgallery.com\/index.php?rest_route=\/wp\/v2\/product\/3066\/revisions"}],"predecessor-version":[{"id":3068,"href":"https:\/\/fdartgallery.com\/index.php?rest_route=\/wp\/v2\/product\/3066\/revisions\/3068"}],"wp:featuredmedia":[{"embeddable":true,"href":"https:\/\/fdartgallery.com\/index.php?rest_route=\/wp\/v2\/media\/3067"}],"wp:attachment":[{"href":"https:\/\/fdartgallery.com\/index.php?rest_route=%2Fwp%2Fv2%2Fmedia&parent=3066"}],"wp:term":[{"taxonomy":"brand","embeddable":true,"href":"https:\/\/fdartgallery.com\/index.php?rest_route=%2Fwp%2Fv2%2Fetheme_brands&post=3066"},{"taxonomy":"product_brand","embeddable":true,"href":"https:\/\/fdartgallery.com\/index.php?rest_route=%2Fwp%2Fv2%2Fproduct_brand&post=3066"},{"taxonomy":"product_cat","embeddable":true,"href":"https:\/\/fdartgallery.com\/index.php?rest_route=%2Fwp%2Fv2%2Fproduct_cat&post=3066"},{"taxonomy":"product_tag","embeddable":true,"href":"https:\/\/fdartgallery.com\/index.php?rest_route=%2Fwp%2Fv2%2Fproduct_tag&post=3066"}],"curies":[{"name":"wp","href":"https:\/\/api.w.org\/{rel}","templated":true}]}}