{"id":3075,"date":"2026-03-09T11:18:36","date_gmt":"2026-03-09T11:18:36","guid":{"rendered":"https:\/\/fdartgallery.com\/?post_type=product&#038;p=3075"},"modified":"2026-03-09T11:18:36","modified_gmt":"2026-03-09T11:18:36","slug":"yaban-ordegi","status":"publish","type":"product","link":"https:\/\/fdartgallery.com\/?product=yaban-ordegi","title":{"rendered":"&#8216;Yaban \u00d6rde\u011fi&#8217;"},"content":{"rendered":"<p>Sulu boyan\u0131n \u015feffaf yap\u0131s\u0131yla \u00e7al\u0131\u015f\u0131lm\u0131\u015f bu eser, bir yaban \u00f6rde\u011finin canl\u0131 renk ge\u00e7i\u015flerini ve zarif duru\u015funu yans\u0131t\u0131yor. F\u0131r\u00e7a darbelerindeki \u00f6zg\u00fcrl\u00fck, do\u011fan\u0131n vah\u015fi ama dingin ruhunu ya\u015fam alan\u0131n\u0131za ta\u015f\u0131yacak.<br \/>\n\u200bKullan\u0131m Alanlar\u0131: Ayd\u0131nl\u0131k salonlar, \u00e7ocuk odalar\u0131 veya \u00e7al\u0131\u015fma masas\u0131 arkas\u0131ndaki duvarlar i\u00e7in ferah bir se\u00e7enektir.<\/p>\n","protected":false},"excerpt":{"rendered":"<p>&#8230;<\/p>\n","protected":false},"featured_media":3076,"comment_status":"open","ping_status":"closed","template":"","meta":[],"etheme_brands":[{"term_id":61,"name":"Fd Sanat Okulu","slug":"fd-sanat-okulu","term_group":0,"term_taxonomy_id":61,"taxonomy":"brand","description":"","parent":0,"count":173,"filter":"raw"}],"product_brand":[],"product_cat":[43,77],"product_tag":[],"class_list":{"0":"post-3075","1":"product","2":"type-product","3":"status-publish","4":"has-post-thumbnail","6":"brand-fd-sanat-okulu","7":"product_cat-water-color","8":"product_cat-figuratif-konulu","10":"first","11":"instock","12":"shipping-taxable","13":"purchasable","14":"product-type-simple"},"jetpack_sharing_enabled":true,"_links":{"self":[{"href":"https:\/\/fdartgallery.com\/index.php?rest_route=\/wp\/v2\/product\/3075","targetHints":{"allow":["GET"]}}],"collection":[{"href":"https:\/\/fdartgallery.com\/index.php?rest_route=\/wp\/v2\/product"}],"about":[{"href":"https:\/\/fdartgallery.com\/index.php?rest_route=\/wp\/v2\/types\/product"}],"replies":[{"embeddable":true,"href":"https:\/\/fdartgallery.com\/index.php?rest_route=%2Fwp%2Fv2%2Fcomments&post=3075"}],"version-history":[{"count":1,"href":"https:\/\/fdartgallery.com\/index.php?rest_route=\/wp\/v2\/product\/3075\/revisions"}],"predecessor-version":[{"id":3077,"href":"https:\/\/fdartgallery.com\/index.php?rest_route=\/wp\/v2\/product\/3075\/revisions\/3077"}],"wp:featuredmedia":[{"embeddable":true,"href":"https:\/\/fdartgallery.com\/index.php?rest_route=\/wp\/v2\/media\/3076"}],"wp:attachment":[{"href":"https:\/\/fdartgallery.com\/index.php?rest_route=%2Fwp%2Fv2%2Fmedia&parent=3075"}],"wp:term":[{"taxonomy":"brand","embeddable":true,"href":"https:\/\/fdartgallery.com\/index.php?rest_route=%2Fwp%2Fv2%2Fetheme_brands&post=3075"},{"taxonomy":"product_brand","embeddable":true,"href":"https:\/\/fdartgallery.com\/index.php?rest_route=%2Fwp%2Fv2%2Fproduct_brand&post=3075"},{"taxonomy":"product_cat","embeddable":true,"href":"https:\/\/fdartgallery.com\/index.php?rest_route=%2Fwp%2Fv2%2Fproduct_cat&post=3075"},{"taxonomy":"product_tag","embeddable":true,"href":"https:\/\/fdartgallery.com\/index.php?rest_route=%2Fwp%2Fv2%2Fproduct_tag&post=3075"}],"curies":[{"name":"wp","href":"https:\/\/api.w.org\/{rel}","templated":true}]}}