{"id":3120,"date":"2026-03-09T12:00:23","date_gmt":"2026-03-09T12:00:23","guid":{"rendered":"https:\/\/fdartgallery.com\/?post_type=product&#038;p=3120"},"modified":"2026-03-09T12:00:23","modified_gmt":"2026-03-09T12:00:23","slug":"orman-esintisi","status":"publish","type":"product","link":"https:\/\/fdartgallery.com\/?product=orman-esintisi","title":{"rendered":"&#8216;Orman Esintisi&#8217;"},"content":{"rendered":"<p>K\u0131rm\u0131z\u0131n\u0131n en canl\u0131 tonlar\u0131 ile do\u011fan\u0131n ye\u015filini bir araya getiren bu suluboya \u00e7al\u0131\u015fma, meyvelerin \u00fczerindeki \u0131\u015f\u0131k oyunlar\u0131yla taze bir g\u00f6r\u00fcn\u00fcm sunuyor. Botanik sanat\u0131n\u0131n zarafetini modern bir dille yans\u0131t\u0131yor.<br \/>\n\u200bKullan\u0131m Alan\u0131: Mutfak, yemek odas\u0131 veya ayd\u0131nl\u0131k bir kahve k\u00f6\u015fesi i\u00e7in m\u00fckemmel bir tamamlay\u0131c\u0131d\u0131r.<\/p>\n","protected":false},"excerpt":{"rendered":"<p>&#8230;<\/p>\n","protected":false},"featured_media":3121,"comment_status":"open","ping_status":"closed","template":"","meta":[],"etheme_brands":[{"term_id":61,"name":"Fd Sanat Okulu","slug":"fd-sanat-okulu","term_group":0,"term_taxonomy_id":61,"taxonomy":"brand","description":"","parent":0,"count":173,"filter":"raw"}],"product_brand":[],"product_cat":[43,76],"product_tag":[],"class_list":{"0":"post-3120","1":"product","2":"type-product","3":"status-publish","4":"has-post-thumbnail","6":"brand-fd-sanat-okulu","7":"product_cat-water-color","8":"product_cat-naturmont-konulu","10":"first","11":"instock","12":"shipping-taxable","13":"purchasable","14":"product-type-simple"},"jetpack_sharing_enabled":true,"_links":{"self":[{"href":"https:\/\/fdartgallery.com\/index.php?rest_route=\/wp\/v2\/product\/3120","targetHints":{"allow":["GET"]}}],"collection":[{"href":"https:\/\/fdartgallery.com\/index.php?rest_route=\/wp\/v2\/product"}],"about":[{"href":"https:\/\/fdartgallery.com\/index.php?rest_route=\/wp\/v2\/types\/product"}],"replies":[{"embeddable":true,"href":"https:\/\/fdartgallery.com\/index.php?rest_route=%2Fwp%2Fv2%2Fcomments&post=3120"}],"version-history":[{"count":1,"href":"https:\/\/fdartgallery.com\/index.php?rest_route=\/wp\/v2\/product\/3120\/revisions"}],"predecessor-version":[{"id":3122,"href":"https:\/\/fdartgallery.com\/index.php?rest_route=\/wp\/v2\/product\/3120\/revisions\/3122"}],"wp:featuredmedia":[{"embeddable":true,"href":"https:\/\/fdartgallery.com\/index.php?rest_route=\/wp\/v2\/media\/3121"}],"wp:attachment":[{"href":"https:\/\/fdartgallery.com\/index.php?rest_route=%2Fwp%2Fv2%2Fmedia&parent=3120"}],"wp:term":[{"taxonomy":"brand","embeddable":true,"href":"https:\/\/fdartgallery.com\/index.php?rest_route=%2Fwp%2Fv2%2Fetheme_brands&post=3120"},{"taxonomy":"product_brand","embeddable":true,"href":"https:\/\/fdartgallery.com\/index.php?rest_route=%2Fwp%2Fv2%2Fproduct_brand&post=3120"},{"taxonomy":"product_cat","embeddable":true,"href":"https:\/\/fdartgallery.com\/index.php?rest_route=%2Fwp%2Fv2%2Fproduct_cat&post=3120"},{"taxonomy":"product_tag","embeddable":true,"href":"https:\/\/fdartgallery.com\/index.php?rest_route=%2Fwp%2Fv2%2Fproduct_tag&post=3120"}],"curies":[{"name":"wp","href":"https:\/\/api.w.org\/{rel}","templated":true}]}}