{"id":3168,"date":"2026-03-09T12:49:56","date_gmt":"2026-03-09T12:49:56","guid":{"rendered":"https:\/\/fdartgallery.com\/?post_type=product&#038;p=3168"},"modified":"2026-03-09T12:49:56","modified_gmt":"2026-03-09T12:49:56","slug":"puantiye","status":"publish","type":"product","link":"https:\/\/fdartgallery.com\/?product=puantiye","title":{"rendered":"&#8216;Puantiye&#8217;"},"content":{"rendered":"<p>Metalik parlamalar ile puantiyeli \u00f6rt\u00fcn\u00fcn yaratt\u0131\u011f\u0131 grafiksel uyum. Sanat\u00e7\u0131n\u0131n teknik becerisini ve objeler \u00fczerindeki \u0131\u015f\u0131k hakimiyetini g\u00f6steren zarif bir par\u00e7a.<br \/>\n\u200bKullan\u0131m Alan\u0131: Klasik ve modernin kar\u0131\u015f\u0131m\u0131 (eclectic) dekorasyonlar i\u00e7in \u015f\u0131k bir tercih<\/p>\n","protected":false},"excerpt":{"rendered":"<p>&#8230;<\/p>\n","protected":false},"featured_media":3169,"comment_status":"open","ping_status":"closed","template":"","meta":[],"etheme_brands":[{"term_id":61,"name":"Fd Sanat Okulu","slug":"fd-sanat-okulu","term_group":0,"term_taxonomy_id":61,"taxonomy":"brand","description":"","parent":0,"count":173,"filter":"raw"}],"product_brand":[],"product_cat":[22,55],"product_tag":[],"class_list":{"0":"post-3168","1":"product","2":"type-product","3":"status-publish","4":"has-post-thumbnail","6":"brand-fd-sanat-okulu","7":"product_cat-acrylic","8":"product_cat-naturmont","10":"first","11":"instock","12":"shipping-taxable","13":"purchasable","14":"product-type-simple"},"jetpack_sharing_enabled":true,"_links":{"self":[{"href":"https:\/\/fdartgallery.com\/index.php?rest_route=\/wp\/v2\/product\/3168","targetHints":{"allow":["GET"]}}],"collection":[{"href":"https:\/\/fdartgallery.com\/index.php?rest_route=\/wp\/v2\/product"}],"about":[{"href":"https:\/\/fdartgallery.com\/index.php?rest_route=\/wp\/v2\/types\/product"}],"replies":[{"embeddable":true,"href":"https:\/\/fdartgallery.com\/index.php?rest_route=%2Fwp%2Fv2%2Fcomments&post=3168"}],"version-history":[{"count":1,"href":"https:\/\/fdartgallery.com\/index.php?rest_route=\/wp\/v2\/product\/3168\/revisions"}],"predecessor-version":[{"id":3170,"href":"https:\/\/fdartgallery.com\/index.php?rest_route=\/wp\/v2\/product\/3168\/revisions\/3170"}],"wp:featuredmedia":[{"embeddable":true,"href":"https:\/\/fdartgallery.com\/index.php?rest_route=\/wp\/v2\/media\/3169"}],"wp:attachment":[{"href":"https:\/\/fdartgallery.com\/index.php?rest_route=%2Fwp%2Fv2%2Fmedia&parent=3168"}],"wp:term":[{"taxonomy":"brand","embeddable":true,"href":"https:\/\/fdartgallery.com\/index.php?rest_route=%2Fwp%2Fv2%2Fetheme_brands&post=3168"},{"taxonomy":"product_brand","embeddable":true,"href":"https:\/\/fdartgallery.com\/index.php?rest_route=%2Fwp%2Fv2%2Fproduct_brand&post=3168"},{"taxonomy":"product_cat","embeddable":true,"href":"https:\/\/fdartgallery.com\/index.php?rest_route=%2Fwp%2Fv2%2Fproduct_cat&post=3168"},{"taxonomy":"product_tag","embeddable":true,"href":"https:\/\/fdartgallery.com\/index.php?rest_route=%2Fwp%2Fv2%2Fproduct_tag&post=3168"}],"curies":[{"name":"wp","href":"https:\/\/api.w.org\/{rel}","templated":true}]}}