{"id":3180,"date":"2026-03-09T12:59:47","date_gmt":"2026-03-09T12:59:47","guid":{"rendered":"https:\/\/fdartgallery.com\/?post_type=product&#038;p=3180"},"modified":"2026-03-09T12:59:47","modified_gmt":"2026-03-09T12:59:47","slug":"yaz-hatirasi","status":"publish","type":"product","link":"https:\/\/fdartgallery.com\/?product=yaz-hatirasi","title":{"rendered":"&#8216;Yaz Hat\u0131ras\u0131&#8217;"},"content":{"rendered":"<p>Sepeti \u00e7i\u00e7eklerle dolu, \u015fapkas\u0131 \u00fczerine ili\u015ftirilmi\u015f sar\u0131 bir bisiklet ve arkada uzanan u\u00e7suz bucaks\u0131z deniz. Tatil ne\u015fesini ve \u00f6zg\u00fcrl\u00fc\u011f\u00fc hat\u0131rlatan, dokulu f\u0131r\u00e7a darbeleriyle zenginle\u015ftirilmi\u015f bir manzara.<br \/>\n\u200bKullan\u0131m Alan\u0131: Yazl\u0131k evlerde veya evinizde yaz havas\u0131n\u0131 d\u00f6rt mevsim ya\u015fatmak istedi\u011finiz ayd\u0131nl\u0131k odalarda harika durur.<\/p>\n","protected":false},"excerpt":{"rendered":"<p>&#8230;<\/p>\n","protected":false},"featured_media":3181,"comment_status":"open","ping_status":"closed","template":"","meta":[],"etheme_brands":[{"term_id":61,"name":"Fd Sanat Okulu","slug":"fd-sanat-okulu","term_group":0,"term_taxonomy_id":61,"taxonomy":"brand","description":"","parent":0,"count":173,"filter":"raw"}],"product_brand":[],"product_cat":[41,70],"product_tag":[],"class_list":{"0":"post-3180","1":"product","2":"type-product","3":"status-publish","4":"has-post-thumbnail","6":"brand-fd-sanat-okulu","7":"product_cat-oil","8":"product_cat-peyzaj-oil","10":"first","11":"instock","12":"shipping-taxable","13":"purchasable","14":"product-type-simple"},"jetpack_sharing_enabled":true,"_links":{"self":[{"href":"https:\/\/fdartgallery.com\/index.php?rest_route=\/wp\/v2\/product\/3180","targetHints":{"allow":["GET"]}}],"collection":[{"href":"https:\/\/fdartgallery.com\/index.php?rest_route=\/wp\/v2\/product"}],"about":[{"href":"https:\/\/fdartgallery.com\/index.php?rest_route=\/wp\/v2\/types\/product"}],"replies":[{"embeddable":true,"href":"https:\/\/fdartgallery.com\/index.php?rest_route=%2Fwp%2Fv2%2Fcomments&post=3180"}],"version-history":[{"count":1,"href":"https:\/\/fdartgallery.com\/index.php?rest_route=\/wp\/v2\/product\/3180\/revisions"}],"predecessor-version":[{"id":3182,"href":"https:\/\/fdartgallery.com\/index.php?rest_route=\/wp\/v2\/product\/3180\/revisions\/3182"}],"wp:featuredmedia":[{"embeddable":true,"href":"https:\/\/fdartgallery.com\/index.php?rest_route=\/wp\/v2\/media\/3181"}],"wp:attachment":[{"href":"https:\/\/fdartgallery.com\/index.php?rest_route=%2Fwp%2Fv2%2Fmedia&parent=3180"}],"wp:term":[{"taxonomy":"brand","embeddable":true,"href":"https:\/\/fdartgallery.com\/index.php?rest_route=%2Fwp%2Fv2%2Fetheme_brands&post=3180"},{"taxonomy":"product_brand","embeddable":true,"href":"https:\/\/fdartgallery.com\/index.php?rest_route=%2Fwp%2Fv2%2Fproduct_brand&post=3180"},{"taxonomy":"product_cat","embeddable":true,"href":"https:\/\/fdartgallery.com\/index.php?rest_route=%2Fwp%2Fv2%2Fproduct_cat&post=3180"},{"taxonomy":"product_tag","embeddable":true,"href":"https:\/\/fdartgallery.com\/index.php?rest_route=%2Fwp%2Fv2%2Fproduct_tag&post=3180"}],"curies":[{"name":"wp","href":"https:\/\/api.w.org\/{rel}","templated":true}]}}